in base 4?
1002310301
Convert 4567a (base 12) to base 5.
10430132
Convert -1055 (base 8) to base 6.
-2325
-1722a2 (base 11) to base 12
-10a30a
-134709 (base 11) to base 14
-56d46
What is 1011001010001001011 (base 2) in base 5?
43200033
Convert -7dc9 (base 15) to base 8.
-64163
-24404035 (base 6) to base 2
-10111110000011110111
231100300 (base 4) to base 5
21413032
-10101111101110001000001 (base 2) to base 3
-101211112111220
Convert -872515 (base 9) to base 13.
-152a11
103212313 (base 4) to base 10
80311
What is 2202101020101 (base 3) in base 14?
2a175a
1021220222 (base 3) to base 9
37828
What is -aa5b16 (base 13) in base 4?
-33103112023
What is -11330466 (base 9) in base 16?
-5419c8
Convert -626100 (base 9) to base 8.
-1326237
What is -2202311214 (base 5) in base 6?
-245205114
d9715c (base 16) to base 9
28728702
What is 10000010011100000011001 (base 2) in base 7?
51221141
What is c10b (base 14) in base 10?
33135
What is -7e26 (base 15) in base 3?
-1100210000
-26876c (base 14) to base 10
-1329564
Convert 456510 (base 9) to base 10.
273789
Convert -541305 (base 7) to base 10.
-94134
What is -235ba14 (base 13) in base 8?
-51557560
5101297 (base 10) to base 12
1860181
Convert -130022232032 (base 4) to base 2.
-11100001010101110001110
Convert 12131023310 (base 4) to base 11.
a5658a
10156144 (base 7) to base 6
30151554
100110111000110111101 (base 2) to base 3
2101202000100
What is -4f7aff (base 16) in base 10?
-5208831
What is -100011 (base 7) in base 12?
-9893
Convert -69718 (base 11) to base 3.
-12010010022
224106 (base 7) to base 2
1001101110100011
Convert -1ab7878 (base 15) to base 16.
-12a90c4
42369a (base 11) to base 12
288662
Convert -126517 (base 9) to base 2.
-10010110010100110
What is 27656d (base 15) in base 2?
111001110100011001011
Convert -47332 (base 14) to base 11.
-1093a1
What is -4a1cc0 (base 13) in base 14?
-342cd5
Convert 3202030 (base 6) to base 11.
a7201
Convert -4d3be5 (base 16) to base 3.
-100112011012212
Convert 1001001110100111001 (base 2) to base 7.
2366420
Convert 462577 (base 8) to base 16.
2657f
What is 35420230 (base 6) in base 4?
10032032322
12735 (base 14) to base 3
2022011122
Convert 11310104240 (base 5) to base 11.
7360432
-13de (base 16) to base 11
-3904
-10111010221200 (base 3) to base 16
-1c469a
What is -3345440 (base 6) in base 5?
-20412403
What is -4213333433 (base 5) in base 3?
-121102112222121
23012323213 (base 4) to base 14
55b303
What is -22565 (base 14) in base 9?
-136344
Convert 1101200212112 (base 3) to base 5.
142221103
What is 6518664 (base 10) in base 11?
3752629
What is 565337 (base 11) in base 8?
3336077
Convert 1a815c (base 15) to base 3.
2102200120120
What is 607217 (base 12) in base 8?
5574163
What is -51560332 (base 7) in base 16?
-422197
4a5986 (base 16) to base 14
90ba18
Convert -203003120 (base 4) to base 11.
-98964
What is -12001130223 (base 4) in base 6?
-53501123
What is -111514 (base 6) in base 9?
-14001
What is 201211131 (base 4) in base 3?
20222201000
What is -99718 (base 10) in base 7?
-563503
512a5b (base 14) to base 15
3905ca
What is -4904 (base 13) in base 11?
-7826
Convert 55a413 (base 12) to base 7.
14415444
What is -97352c (base 15) in base 4?
-123131310222
Convert 1185428 (base 9) to base 6.
21511125
4214244304 (base 5) to base 10
8743704
What is -1745311 (base 11) in base 9?
-5517482
What is 26305566 (base 7) in base 5?
1103433114
-11210222110 (base 3) to base 2
-10111001000100011
What is 1555089 (base 10) in base 16?
17ba91
Convert -1165016 (base 12) to base 6.
-200104030
1220303213 (base 4) to base 12
18851b
26550 (base 14) to base 5
11004341
Convert -142223000 (base 5) to base 8.
-2651552
Convert 69995 (base 10) to base 9.
116012
What is -102010111030 (base 4) in base 11?
-2745527
Convert -630276 (base 10) to base 5.
-130132101
Convert -66553 (base 8) to base 13.
-c999
What is 12233131201 (base 4) in base 7?
21010243
Convert -1113401 (base 7) to base 12.
-67aab
-91aa7 (base 11) to base 4
-200310123
-1606102 (base 10) to base 2
-110001000000111010110
Convert 1276450 (base 10) to base 12.
51682a
What is 44615546 (base 8) in base 10?
9640806
100013020231 (base 4) to base 15
58663d
What is 2876366 (base 10) in base 4?
22332033032
110110010011110110011 (base 2) to base 10
1779635
Convert -17400447 (base 8) to base 5.
-2020013102
What is -29ac9 (base 14) in base 16?
-194f1
-c5cae5 (base 15) to base 5
-4402033330
Convert -ccd5a (base 16) to base 4.
-3030311122
Convert 32460651 (base 8) to base 4.
122212012221
Convert -30141651 (base 7) to base 14.
-490361
-2221a5a (base 12) to base 5
-3131424332
What is 3400604 (base 7) in base 5?
101423343
What is -346390 (base 12) in base 7?
-10066665
What is 74ba5 (base 15) in base 12?
15a4b5
What is -5313426 (base 10) in base 11?
-2aaa068
Convert -3364363 (base 7) to base 14.
-acb6a
What is -999a05 (base 14) in base 11?
-2a40519
What is 1010304 (base 7) in base 16?
1d589
Convert -3230030014 (base 5) to base 3.
-110221101022102
93e3 (base 15) to base 11
21541
113200212321 (base 4) to base 11
352a292
-10211011220 (base 4) to base 10
-1200488
What is -4607a6 (base 11) in base 12?
-2b4245
5464410 (base 9) to base 3
12112011110100
What is 5a0a4 (base 16) in base 9?
621812
What is -63641 (base 10) in base 15?
-13ccb
Convert 110110100000111110 (base 2) to base 16.
3683e
-10010000110010111010111 (base 2) to base 6
-245410011
1c054 (base 13) to base 15
11464
What is -230221303230 (base 4) in base 7?
-201332025
Convert 3abd6 (base 14) to base 6.
3035240
2439427 (base 10) to base 7
26510014
What is -322341551 (base 6) in base 15?
-780181
-3e6d3 (base 16) to base 11
-165124
What is -16806 (base 13) in base 5?
-2334401
-16044394 (base 10) to base 14
-21b9122
-5590666 (base 10) to base 5
-2412400131
Convert -d7cc5 (base 16) to base 4.
-3113303011
What is 1561a5 (base 11) in base 6?
5110330
-16000652 (base 7) to base 4
-11311132220
What is 13327564 (base 8) in base 7?
34306653
What is -cb41 (base 13) in base 6?
-334524
What is -11002212122 (base 3) in base 13?
-2aa37
What is e0ec78 (base 16) in base 9?
30656264
What is 2f4d51 (base 16) in base 2?
1011110100110101010001
What is -1638621 (base 10) in base 9?
-3066680
What is -2424065 (base 7) in base 10?
-308747
Convert -11011020210220 (base 3) to base 12.
-8a6759
Convert 132791 (base 13) to base 14.
c087d
Convert -1112100012212 (base 3) to base 16.
-c6a9a
Convert -5102143 (base 6) to base 4.
-322332033
What is 11998 (base 14) in base 13?
167a2
What is -100302213 (base 4) in base 10?
-68775
11211202110010 (base 3) to base 11
14a8725
What is -37aa6 (base 11) in base 10?
-54566
What is -375760 (base 8) in base 11?
-89771
Convert 1611637 (base 13) to base 3.
111100000200201
What is -3464375 (base 8) in base 2?
-11100110100011111101
Convert -21110010101 (base 3) to base 16.
-23cbc
Convert -3a3928 (base 11) to base 6.
-21334151
What is b5142f (base 16) in base 11?
6775a99
9042a6 (base 12) to base 15
2e5ac9
Convert 102382 (base 12) to base 11.
162a45
Convert -3a7434 (base 14) to base 9.
-3714645
-109c4a9 (base 13) to base 3
-100121200000200
Convert -212022310132 (base 4) to base 13.
-20c43b2
Convert 21874784 (base 9) to base 13.
227a6ac
-43415 (base 16) to base 3
-111222212212
What is -c4975 (base 13) in base 14?
-929a1
What is 1111010111101110001 (base 2) in base 5?
112104130
Convert -558b38 (base 14) to base 6.
-142134422
What is -3240146 (base 7) in base 14?
-a4596
Convert -11001200111121 (base 3) to base 14.
-402ada
-101513 (base 7) to base 10
-17405
Convert -54696 (base 12) to base 5.
-12032240
Convert 53336102 (base 7) to base 5.
2124433040
-13257555 (base 8) to base 16
-2d5f6d
What is 21120001112 (base 3) in base 6?
3104405
Convert 1563228 (base 9) to base 3.
1122010020222
1503021 (base 6) to base 3
11101020111
What is 479112 (base 10) in base 9?
810186
11110000110101010100110 (base 2) to base 16
786aa6
6326025 (base 7) to base 14
15c1bc
Convert -2030553 (base 6) to base 5.
-11104123
What is -12020310 (base 4) in base 10?
-25140
211330013 (base 4) to base 8
457407
Convert 1321322331 (base 4) to base 7.
4146642
-1022022012220 (base 3) to base 13
-1b43a7
Convert 10000111101100110 (base 2) to base 10.
69478
What is 42749 (base 11) in base 14?
188d8
1435ab5 (base 12) to base 3
21121221200102
15d92 (base 15) t